{"id":473,"date":"2014-07-21T22:33:08","date_gmt":"2014-07-21T19:33:08","guid":{"rendered":"http:\/\/www.kulturasbiedriba.lv\/?page_id=473"},"modified":"2014-08-08T20:12:20","modified_gmt":"2014-08-08T17:12:20","slug":"daugavas-svetku-2014-fotografijas-rita-pasakumi","status":"publish","type":"page","link":"https:\/\/www.kulturasbiedriba.lv\/?page_id=473","title":{"rendered":"Daugavas sv\u0113tki 2014. R\u012bta pas\u0101kumi"},"content":{"rendered":"<p><a href=\"https:\/\/www.kulturasbiedriba.lv\/wp-content\/uploads\/2014\/07\/DSC_70-0845.jpg\"><img loading=\"lazy\" decoding=\"async\" class=\"alignleft size-large wp-image-468\" alt=\"Daugavas sv\u0113tki 2014. R\u012bta pas\u0101kumi\" src=\"https:\/\/www.kulturasbiedriba.lv\/wp-content\/uploads\/2014\/07\/DSC_70-0845-1371x2048.jpg\" width=\"860\" height=\"1284\" srcset=\"https:\/\/www.kulturasbiedriba.lv\/wp-content\/uploads\/2014\/07\/DSC_70-0845-1371x2048.jpg 1371w, https:\/\/www.kulturasbiedriba.lv\/wp-content\/uploads\/2014\/07\/DSC_70-0845-200x300.jpg 200w, https:\/\/www.kulturasbiedriba.lv\/wp-content\/uploads\/2014\/07\/DSC_70-0845.jpg 1815w\" sizes=\"auto, (max-width: 860px) 100vw, 860px\" \/><\/a> <a href=\"https:\/\/www.kulturasbiedriba.lv\/wp-content\/uploads\/2014\/07\/DSC_70-0844.jpg\"><img loading=\"lazy\" decoding=\"async\" class=\"alignleft size-large wp-image-467\" alt=\"\" src=\"https:\/\/www.kulturasbiedriba.lv\/wp-content\/uploads\/2014\/07\/DSC_70-0844-1371x2048.jpg\" width=\"860\" height=\"1284\" srcset=\"https:\/\/www.kulturasbiedriba.lv\/wp-content\/uploads\/2014\/07\/DSC_70-0844-1371x2048.jpg 1371w, https:\/\/www.kulturasbiedriba.lv\/wp-content\/uploads\/2014\/07\/DSC_70-0844-200x300.jpg 200w, https:\/\/www.kulturasbiedriba.lv\/wp-content\/uploads\/2014\/07\/DSC_70-0844.jpg 1815w\" sizes=\"auto, (max-width: 860px) 100vw, 860px\" \/><\/a> <a href=\"https:\/\/www.kulturasbiedriba.lv\/wp-content\/uploads\/2014\/07\/DSC_70-0836.jpg\"><img loading=\"lazy\" decoding=\"async\" class=\"alignleft size-large wp-image-466\" alt=\"\" src=\"https:\/\/www.kulturasbiedriba.lv\/wp-content\/uploads\/2014\/07\/DSC_70-0836-2048x1371.jpg\" width=\"860\" height=\"575\" srcset=\"https:\/\/www.kulturasbiedriba.lv\/wp-content\/uploads\/2014\/07\/DSC_70-0836-2048x1371.jpg 2048w, https:\/\/www.kulturasbiedriba.lv\/wp-content\/uploads\/2014\/07\/DSC_70-0836-300x200.jpg 300w\" sizes=\"auto, (max-width: 860px) 100vw, 860px\" \/><\/a> <a href=\"https:\/\/www.kulturasbiedriba.lv\/wp-content\/uploads\/2014\/07\/DSC_70-0834.jpg\"><img loading=\"lazy\" decoding=\"async\" class=\"alignleft size-large wp-image-465\" alt=\"\" src=\"https:\/\/www.kulturasbiedriba.lv\/wp-content\/uploads\/2014\/07\/DSC_70-0834-2048x1229.jpg\" width=\"860\" height=\"516\" srcset=\"https:\/\/www.kulturasbiedriba.lv\/wp-content\/uploads\/2014\/07\/DSC_70-0834-2048x1229.jpg 2048w, https:\/\/www.kulturasbiedriba.lv\/wp-content\/uploads\/2014\/07\/DSC_70-0834-300x180.jpg 300w\" sizes=\"auto, (max-width: 860px) 100vw, 860px\" \/><\/a><a href=\"https:\/\/www.kulturasbiedriba.lv\/wp-content\/uploads\/2014\/07\/DSC_70-0857.jpg\"><img loading=\"lazy\" decoding=\"async\" class=\"alignleft size-large wp-image-474\" alt=\"\" src=\"https:\/\/www.kulturasbiedriba.lv\/wp-content\/uploads\/2014\/07\/DSC_70-0857-2048x1371.jpg\" width=\"860\" height=\"575\" srcset=\"https:\/\/www.kulturasbiedriba.lv\/wp-content\/uploads\/2014\/07\/DSC_70-0857-2048x1371.jpg 2048w, https:\/\/www.kulturasbiedriba.lv\/wp-content\/uploads\/2014\/07\/DSC_70-0857-300x200.jpg 300w\" sizes=\"auto, (max-width: 860px) 100vw, 860px\" \/><\/a> <a href=\"https:\/\/www.kulturasbiedriba.lv\/wp-content\/uploads\/2014\/07\/DSC_70-0873.jpg\"><img loading=\"lazy\" decoding=\"async\" class=\"alignleft size-large wp-image-475\" alt=\"\" src=\"https:\/\/www.kulturasbiedriba.lv\/wp-content\/uploads\/2014\/07\/DSC_70-0873-1371x2048.jpg\" width=\"860\" height=\"1284\" srcset=\"https:\/\/www.kulturasbiedriba.lv\/wp-content\/uploads\/2014\/07\/DSC_70-0873-1371x2048.jpg 1371w, https:\/\/www.kulturasbiedriba.lv\/wp-content\/uploads\/2014\/07\/DSC_70-0873-200x300.jpg 200w, https:\/\/www.kulturasbiedriba.lv\/wp-content\/uploads\/2014\/07\/DSC_70-0873.jpg 1815w\" sizes=\"auto, (max-width: 860px) 100vw, 860px\" \/><\/a> <a href=\"https:\/\/www.kulturasbiedriba.lv\/wp-content\/uploads\/2014\/07\/DSC_70-0882.jpg\"><img loading=\"lazy\" decoding=\"async\" class=\"alignleft size-large wp-image-476\" alt=\"\" src=\"https:\/\/www.kulturasbiedriba.lv\/wp-content\/uploads\/2014\/07\/DSC_70-0882-1371x2048.jpg\" width=\"860\" height=\"1284\" srcset=\"https:\/\/www.kulturasbiedriba.lv\/wp-content\/uploads\/2014\/07\/DSC_70-0882-1371x2048.jpg 1371w, https:\/\/www.kulturasbiedriba.lv\/wp-content\/uploads\/2014\/07\/DSC_70-0882-200x300.jpg 200w, https:\/\/www.kulturasbiedriba.lv\/wp-content\/uploads\/2014\/07\/DSC_70-0882.jpg 1815w\" sizes=\"auto, (max-width: 860px) 100vw, 860px\" \/><\/a> <a href=\"https:\/\/www.kulturasbiedriba.lv\/wp-content\/uploads\/2014\/07\/DSC_70-0904.jpg\"><img loading=\"lazy\" decoding=\"async\" class=\"alignleft size-large wp-image-477\" alt=\"\" src=\"https:\/\/www.kulturasbiedriba.lv\/wp-content\/uploads\/2014\/07\/DSC_70-0904-1371x2048.jpg\" width=\"860\" height=\"1284\" srcset=\"https:\/\/www.kulturasbiedriba.lv\/wp-content\/uploads\/2014\/07\/DSC_70-0904-1371x2048.jpg 1371w, https:\/\/www.kulturasbiedriba.lv\/wp-content\/uploads\/2014\/07\/DSC_70-0904-200x300.jpg 200w, https:\/\/www.kulturasbiedriba.lv\/wp-content\/uploads\/2014\/07\/DSC_70-0904.jpg 1815w\" sizes=\"auto, (max-width: 860px) 100vw, 860px\" \/><\/a><\/p>\n","protected":false},"excerpt":{"rendered":"","protected":false},"author":1,"featured_media":0,"parent":39,"menu_order":12,"comment_status":"closed","ping_status":"closed","template":"","meta":{"footnotes":""},"class_list":["post-473","page","type-page","status-publish","hentry"],"_links":{"self":[{"href":"https:\/\/www.kulturasbiedriba.lv\/index.php?rest_route=\/wp\/v2\/pages\/473","targetHints":{"allow":["GET"]}}],"collection":[{"href":"https:\/\/www.kulturasbiedriba.lv\/index.php?rest_route=\/wp\/v2\/pages"}],"about":[{"href":"https:\/\/www.kulturasbiedriba.lv\/index.php?rest_route=\/wp\/v2\/types\/page"}],"author":[{"embeddable":true,"href":"https:\/\/www.kulturasbiedriba.lv\/index.php?rest_route=\/wp\/v2\/users\/1"}],"replies":[{"embeddable":true,"href":"https:\/\/www.kulturasbiedriba.lv\/index.php?rest_route=%2Fwp%2Fv2%2Fcomments&post=473"}],"version-history":[{"count":3,"href":"https:\/\/www.kulturasbiedriba.lv\/index.php?rest_route=\/wp\/v2\/pages\/473\/revisions"}],"predecessor-version":[{"id":505,"href":"https:\/\/www.kulturasbiedriba.lv\/index.php?rest_route=\/wp\/v2\/pages\/473\/revisions\/505"}],"up":[{"embeddable":true,"href":"https:\/\/www.kulturasbiedriba.lv\/index.php?rest_route=\/wp\/v2\/pages\/39"}],"wp:attachment":[{"href":"https:\/\/www.kulturasbiedriba.lv\/index.php?rest_route=%2Fwp%2Fv2%2Fmedia&parent=473"}],"curies":[{"name":"wp","href":"https:\/\/api.w.org\/{rel}","templated":true}]}}